ulate the remainder when 21107740 is divided by 112.
108
Calculate the remainder when 47193236 is divided by 13.
12
Calculate the remainder when 1894296 is divided by 946269.
1758
What is the remainder when 16703 is divided by 605?
368
Calculate the remainder when 397850 is divided by 585.
50
Calculate the remainder when 27468294 is divided by 1379.
1372
What is the remainder when 382037769 is divided by 2890?
2889
What is the remainder when 3694330 is divided by 51?
43
Calculate the remainder when 107672 is divided by 1015.
82
What is the remainder when 35999 is divided by 7?
5
Calculate the remainder when 5551446 is divided by 1850480.
6
Calculate the remainder when 43899 is divided by 1979.
361
What is the remainder when 276978 is divided by 2396?
1438
What is the remainder when 309752 is divided by 44225?
177
What is the remainder when 58006 is divided by 57305?
701
What is the remainder when 445895 is divided by 2753?
2662
What is the remainder when 3519175 is divided by 879792?
7
Calculate the remainder when 12021094 is divided by 2542.
2518
Calculate the remainder when 11446428 is divided by 3422.
3260
Calculate the remainder when 21011116 is divided by 7003662.
130
What is the remainder when 1674050 is divided by 209253?
26
Calculate the remainder when 3496812 is divided by 62.
12
Calculate the remainder when 1019440 is divided by 10125.
6940
Calculate the remainder when 1241901 is divided by 245.
241
Calculate the remainder when 218745 is divided by 1968.
297
What is the remainder when 3330 is divided by 1915?
1415
Calculate the remainder when 6059235 is divided by 3637.
3630
What is the remainder when 39249740 is divided by 2180541?
2
What is the remainder when 35879 is divided by 25908?
9971
What is the remainder when 297657986 is divided by 114?
110
Calculate the remainder when 136772 is divided by 135917.
855
Calculate the remainder when 2314726 is divided by 2736.
70
Calculate the remainder when 53210857 is divided by 9536.
9513
What is the remainder when 11865921 is divided by 101418?
15
Calculate the remainder when 21627643 is divided by 292.
79
Calculate the remainder when 129709 is divided by 4054.
4035
What is the remainder when 29136 is divided by 14060?
1016
Calculate the remainder when 246755 is divided by 290.
255
Calculate the remainder when 14155 is divided by 13539.
616
Calculate the remainder when 5381767 is divided by 97849.
72
What is the remainder when 39006951 is divided by 2572?
2571
What is the remainder when 51658 is divided by 6247?
1682
Calculate the remainder when 7314464 is divided by 7314460.
4
Calculate the remainder when 940402 is divided by 217.
141
Calculate the remainder when 85132 is divided by 4431.
943
Calculate the remainder when 4144755 is divided by 1475.
5
Calculate the remainder when 1455798 is divided by 2226.
2220
Calculate the remainder when 111601 is divided by 35645.
4666
Calculate the remainder when 769520 is divided by 769211.
309
Calculate the remainder when 3838957 is divided by 17939.
11
What is the remainder when 50872 is divided by 163?
16
What is the remainder when 553860 is divided by 21?
6
Calculate the remainder when 623811742 is divided by 72.
70
Calculate the remainder when 2492558 is divided by 379.
254
Calculate the remainder when 7711112 is divided by 208408.
16
What is the remainder when 7698 is divided by 3691?
316
Calculate the remainder when 98561287 is divided by 443.
432
Calculate the remainder when 5733244 is divided by 1906.
1902
Calculate the remainder when 63707 is divided by 283.
32
What is the remainder when 78082 is divided by 47?
15
Calculate the remainder when 8995051 is divided by 178.
177
What is the remainder when 1090443 is divided by 439?
406
What is the remainder when 1792996 is divided by 18664?
1252
Calculate the remainder when 30277255 is divided by 272768.
7
Calculate the remainder when 1942882 is divided by 394.
68
What is the remainder when 233605 is divided by 17751?
2842
Calculate the remainder when 18712806 is divided by 4678197.
18
What is the remainder when 146130 is divided by 18250?
130
What is the remainder when 690744 is divided by 1041?
561
What is the remainder when 1145128 is divided by 6935?
853
Calculate the remainder when 987459482 is divided by 53.
52
What is the remainder when 3163319 is divided by 489?
467
What is the remainder when 596725 is divided by 3573?
34
What is the remainder when 1628963530 is divided by 7?
5
What is the remainder when 1114728 is divided by 95?
93
Calculate the remainder when 471897 is divided by 2785.
1232
Calculate the remainder when 2850439 is divided by 126.
67
What is the remainder when 1147801 is divided by 573899?
3
Calculate the remainder when 145267108 is divided by 4909.
4889
Calculate the remainder when 17582240 is divided by 3795.
5
Calculate the remainder when 6440370 is divided by 1910.
1760
What is the remainder when 11074710 is divided by 561?
9
Calculate the remainder when 8101002 is divided by 329.
35
Calculate the remainder when 22021465 is divided by 1195.
5
What is the remainder when 1730845 is divided by 432699?
49
Calculate the remainder when 2832229 is divided by 28605.
334
What is the remainder when 749136 is divided by 2025?
1911
What is the remainder when 196502 is divided by 1097?
139
Calculate the remainder when 1082879 is divided by 541402.
75
Calculate the remainder when 5458455 is divided by 61.
53
What is the remainder when 82577 is divided by 40664?
1249
What is the remainder when 134433 is divided by 7898?
167
Calculate the remainder when 178237 is divided by 9899.
55
Calculate the remainder when 18174852 is divided by 18174848.
4
Calculate the remainder when 2735352 is divided by 2777.
7
What is the remainder when 14340518 is divided by 11?
5
What is the remainder when 957051 is divided by 11815?
36
Calculate the remainder when 344973 is divided by 4480.
13
What is the remainder when 156452239 is divided by 6004?
7
What is the remainder when 2034938 is divided by 78?
74
Calculate the remainder when 23973 is divided by 3414.
75
Calculate the remainder when 2302825 is divided by 943.
19
Calculate the remainder when 180595 is divided by 16911.
11485
Calculate the remainder when 584045 is divided by 97329.
71
What is the remainder when 5027153 is divided by 30?
23
What is the remainder when 269803 is divided by 19927?
10752
What is the remainder when 13134 is divided by 11482?
1652
What is the remainder when 228982 is divided by 45791?
27
Calculate the remainder when 730900 is divided by 75.
25
Calculate the remainder when 59752358 is divided by 79.
76
Calculate the remainder when 15328648 is divided by 3836.
3828
What is the remainder when 14798926 is divided by 2959780?
26
Calculate the remainder when 76572 is divided by 12654.
648
Calculate the remainder when 9841515 is divided by 383.
330
Calculate the remainder when 2052103 is divided by 73.
0
What is the remainder when 73389247 is divided by 41?
26
Calculate the remainder when 49028 is divided by 44.
12
Calculate the remainder when 67997884 is divided by 224.
220
What is the remainder when 3155655 is divided by 90?
75
What is the remainder when 2803580 is divided by 1401790?
0
Calculate the remainder when 8377413 is divided by 2792467.
12
Calculate the remainder when 1822542 is divided by 30.
12
Calculate the remainder when 1312432 is divided by 12114.
4120
Calculate the remainder when 27609 is divided by 10841.
5927
What is the remainder when 187428 is divided by 21?
3
What is the remainder when 30509 is divided by 15136?
237
What is the remainder when 2966241 is divided by 1025?
916
What is the remainder when 154983 is divided by 1575?
633
Calculate the remainder when 57132 is divided by 1386.
306
Calculate the remainder when 1735236558 is divided by 178.
176
Calculate the remainder when 12523893 is divided by 341.
327
Calculate the remainder when 56060622 is divided by 562.
560
Calculate the remainder when 57783704 is divided by 28891852.
0
What is the remainder when 68969319 is divided by 116?
11
Calculate the remainder when 9284929 is divided by 2353.
2344
What is the remainder when 505782 is divided by 82?
6
Calculate the remainder when 208583 is divided by 8340.
83
Calculate the remainder when 166766 is